(2/(-6)) is divided by d(8).
8
Let k be (-6)/(-3) - (-1 + -12). What is the remainder when 147/k - 3/(-15) is divided by 6?
4
Let t(j) be the first derivative of -j**2/2 + 10*j - 2. Let w be t(-8). Suppose -u - u = -w. Calculate the remainder when u is divided by 5.
4
Suppose 0 = -3*r + 4*r - 1. Let z = r - -1. Suppose b - 2*b + 1 = 0. What is the remainder when z is divided by b?
0
Let q(c) = c**3 - 6*c**2 - 6*c - 6. Let m be q(7). Let g(j) = 20*j**3 - j**2. Calculate the remainder when 55 is divided by g(m).
17
Let f(g) = 47*g**2 + 14*g - 31. Calculate the remainder when f(2) is divided by 47.
44
Suppose 5*d - 5 = 10. Calculate the remainder when 7 is divided by d.
1
Let m = 71 + -51. Let v = 12 + -5. Calculate the remainder when m is divided by v.
6
Let r(k) = -k - 4. Let t be r(-7). Suppose 0 = -t*n + o + 59, 4 = -2*o - 6. What is the remainder when n is divided by 10?
8
Suppose 3*s - 39 = -3*a - 6, 3*s = 4*a + 19. Calculate the remainder when 44 is divided by s.
8
Suppose -220 + 31 = -w. What is the remainder when w is divided by 38?
37
Let k = 8 + -1. What is the remainder when 20*(2/6)/((-12)/(-36)) is divided by k?
6
Suppose 4*n = 2*y - 52, -5*n - 117 + 44 = -3*y. Suppose 4*s + y = 40. Calculate the remainder when s/10 - 92/(-5) is divided by 7.
5
What is the remainder when 1 + -1 - 304/(-8) is divided by 10?
8
Let s be (78/(-4))/((-2)/4). Let t = s + -11. What is the remainder when t is divided by 10/(-45) - 92/(-9)?
8
Suppose -4*y + 388 = 4*g, -g + 44 = -2*y - 38. What is the remainder when g is divided by 31?
30
Let s(q) = -q**3 + 10*q**2 - 5*q - 12. Calculate the remainder when s(9) is divided by 14.
10
Suppose 3*y - 144 = 126. Suppose 4*q = -q - y. What is the remainder when 2 - (2 - (0 - q)) is divided by 10?
8
Let a(z) = -z**2 + 14*z - 10. Let u be a(10). Suppose 3*j - u = -0*j + 3*k, -k + 34 = 3*j. Calculate the remainder when 31 is divided by j.
9
Let o(w) = -3*w + 5*w - w - 12 + 20. What is the remainder when 3 is divided by o(-6)?
1
Let o = 19 - 5. Let w(n) = -3 + 9*n + 6 - 2 - 35*n. What is the remainder when w(-1) is divided by o?
13
Suppose -109 = -4*p + 51. Suppose -4*v = v - p. What is the remainder when 14 is divided by v?
6
Let j be (-1179)/(-63) + (-2)/(-7). Suppose 8 = -y + j. Calculate the remainder when 31 is divided by y.
9
Let t(x) = x**3 - 5*x**2 - 6*x + 2. What is the remainder when 20/30 + 10/3 is divided by t(6)?
0
Let f = -135 + 189. Calculate the remainder when f is divided by 15.
9
Let y(v) = -v**3 - 9*v**2 - 10*v - 12. Let m be y(-8). Suppose -81 = -3*t - 3*c, 0 = -0*t + m*t - c - 98. What is the remainder when t is divided by 13?
12
Let q = 1 - 4. Let m(n) = -6*n + 2. Let x be m(q). Let c = x + -4. Calculate the remainder when 47 is divided by c.
15
Suppose 0*v - 2*v + 2*j = -16, -4*j = -2*v + 22. Calculate the remainder when 7 is divided by v.
2
Suppose -3*f + 7*f = 0. Suppose 2*c = f, -2*c + 4*c = -5*g + 235. Calculate the remainder when g is divided by 24.
23
Suppose -3*d - 2*q = -4, -2 = 2*d - 2*q + 2. Suppose -5*x - 5 = 0, 3*c + x = -d*x + 134. Let f = c - 5. Calculate the remainder when f is divided by 14.
12
Suppose -5*g - 5*r + 75 = 0, -3*r + 1 = -g - 8*r. What is the remainder when g is divided by 12?
7
Let u = 40 + -13. Let b(m) = -8*m + 2. Calculate the remainder when u is divided by b(-1).
7
Let v(u) = u**3 - 4*u**2 - 6. What is the remainder when v(5) is divided by 7?
5
Let g(t) = -t + 1. Let w be g(-8). Let z(j) = -j**2 + 8*j + 7. Let v be z(w). What is the remainder when (15/(-3))/(v/10) is divided by 9?
7
Suppose -2*f - 2*f = -64. Let i(a) = -a**3 - 7*a**2 - 8*a - 6. What is the remainder when f is divided by i(-6)?
4
Let q(u) = 2*u**3 - 6*u**2 + 4. Let y be q(4). Calculate the remainder when (y + 1)/(5 - 4) is divided by 13.
11
Let d(k) = -k**3 + 5*k**2 + 2*k - 2. Suppose -20 = -q - 3*b, -2*b + 5 = -q - 0*b. Calculate the remainder when d(5) is divided by q.
3
Suppose 0 = -a - 0*a. Suppose 2*v + 2*v - 28 = a. What is the remainder when 11 is divided by v?
4
Let k(l) = -3*l + 1. Let f(x) = -3*x. Let s(z) = 2*f(z) - 3*k(z). Suppose -4*a = -y - 27, 2*y - 18 = -5*a + a. What is the remainder when 43 is divided by s(a)?
13
Let v(b) be the first derivative of -1/3*b**3 + 4*b**2 - 2*b + 2. What is the remainder when 13 is divided by v(7)?
3
Suppose 3*f = k + 7*f + 4, 0 = -2*k + f + 37. What is the remainder when k is divided by 11?
5
Suppose y + 2 - 1 = 0. What is the remainder when (2 + -49)*(0 + y) is divided by 12?
11
Suppose 0 = 3*x - 30 + 3. Suppose -d + 3*d = 50. Calculate the remainder when d is divided by x.
7
Let z(o) = 2*o**2 - o - 6. Calculate the remainder when 1/(-2)*-2 - -11 is divided by z(-2).
0
Let p = 18 - -20. Calculate the remainder when p is divided by 13.
12
Suppose 12 - 52 = -4*l. Let w = l + -5. What is the remainder when 8 is divided by w?
3
Let a(j) = -3*j**3 + j**2 - 1. Let f be a(-1). Suppose 24 = f*g - 27. What is the remainder when 49 is divided by g?
15
Let o = 19 - 19. Suppose o = 2*a - 4*a + 4*u + 10, 3*a - 55 = -2*u. Suppose 6*q - 232 = 2*q. Calculate the remainder when q is divided by a.
13
Let k(q) = 13*q - 5. Calculate the remainder when k(3) is divided by 18.
16
Calculate the remainder when -2 + 56/(-6)*-3 is divided by (-4)/(-10) + (-136)/(-10).
12
Suppose -8*s = -5*s - 48. What is the remainder when s is divided by 6?
4
Let h(p) = 12*p - 15. Calculate the remainder when 61 is divided by h(3).
19
Suppose -t - 9 = -4*t. Calculate the remainder when 1 - -1*(2 - -2) is divided by t.
2
Let y(m) = -m**2 - 10*m + 16. Let o be y(-11). Suppose -w + 4*a + 14 + 16 = 0, o*w - 5*a - 105 = 0. Calculate the remainder when 88 is divided by w.
16
Let s(l) = -l**2 - l + 102. Calculate the remainder when s(0) is divided by 35.
32
Suppose -k + 27 = 5*g + 7, -4*g - 22 = -3*k. Let b = -6 + k. Suppose 3*y = -4*a + y + 34, 24 = b*a + 4*y. Calculate the remainder when 32 is divided by a.
10
Let j(w) = 4*w**3 + 72*w**2 + 14. Let k(y) = -y + 3. Calculate the remainder when j(-18) is divided by k(-5).
6
Let i(j) = -4*j**3 - j**2. Let q be i(-1). Suppose 5*f = q*f + 6. Calculate the remainder when 9 is divided by f.
0
Let x be 4/10 + 148/5. Let k(d) = d - 8. Let s be k(0). Let l = s + x. Calculate the remainder when l is divided by 12.
10
Let n be (-138)/(-7) - 4/(-14). Suppose s = n + 3. Suppose -s - 1 = -3*k. Calculate the remainder when 23 is divided by k.
7
Let j(r) = 5*r + 2. Let f be j(-2). Let l(g) = g**3 + 8*g**2 - g - 5. Calculate the remainder when 7 is divided by l(f).
1
Let x(c) = -25*c - 10. Calculate the remainder when x(-3) is divided by 34.
31
Let p(q) = 13*q**2 + 4*q + 5. What is the remainder when p(-2) is divided by 13?
10
Let i(f) = -f**2 + 2*f. Let t be i(2). Suppose -505 = -5*y - t*y. Calculate the remainder when y is divided by 26.
23
Let a(x) = x**2 + 7. Calculate the remainder when 13 is divided by a(0).
6
Let g(o) = -o + 7. Let s = -7 + 10. Suppose s*i = 3 + 63. Calculate the remainder when i is divided by g(-5).
10
Let g(v) = 2*v - 14. Let m be g(7). Suppose m = -5*i + 7*i - 6. Calculate the remainder when i is divided by 3.
0
Let v be 1320/(-9)*6/(-4). Suppose -2*i - 154 = -4*c, 0*c + 5*c - v = -3*i. Let t(x) = -15*x - 1. What is the remainder when c is divided by t(-1)?
13
Let r = -15 + 6. Let b = r - -19. Calculate the remainder when b is divided by (-3)/((-1)/4*3).
2
Let l(h) = 12*h**2 - 1. Let w = -61 + 102. Calculate the remainder when w is divided by l(1).
8
Let a(k) = 7*k**2 + 29*k - 43. Let s(b) = 4*b**2 + 15*b - 22. Let h(g) = -3*a(g) + 5*s(g). What is the remainder when h(-8) is divided by 13?
12
Suppose -5*g + 2*d + 101 = -101, 5*d + 45 = g. Calculate the remainder when g is divided by 14.
12
Suppose 0 = -2*n - 5*x + 47, -x + 42 - 121 = -3*n. Calculate the remainder when n is divided by 7.
5
Let d = 7 + -12. Let c(y) = y**3 + 7*y**2 + 6*y. Calculate the remainder when c(d) is divided by 11.
9
Let o(w) = -w**3 + 3*w**2 - 1. Suppose m - 4 = -1. Suppose -7 = 2*a - m*q - 3, 4*a - 8 = -2*q. What is the remainder when o(1) is divided by a?
0
Suppose -5*v + 170 = 3*f, 4*v + f = -2*f + 136. Let z = -1 + v. What is the remainder when z is divided by 9?
6
Let g(m) = -22*m + 1. Let c be g(-1). Let h = -69 - c. Let j = h + 145. What is the remainder w